{"id":1129,"date":"2015-11-21T17:00:25","date_gmt":"2015-11-21T16:00:25","guid":{"rendered":"https:\/\/www.cabanart.fr\/?page_id=1129"},"modified":"2023-06-16T15:40:39","modified_gmt":"2023-06-16T14:40:39","slug":"nathalie-le-gall","status":"publish","type":"avada_portfolio","link":"https:\/\/www.cabanart.fr\/?avada_portfolio=nathalie-le-gall","title":{"rendered":"Nathalie Le Gall"},"content":{"rendered":"<div class=\"fusion-fullwidth fullwidth-box fusion-builder-row-1 nonhundred-percent-fullwidth non-hundred-percent-height-scrolling\" style=\"background-color: #242424;background-position: left top;background-repeat: no-repeat;padding-top:20px;padding-right:0px;padding-bottom:20px;padding-left:0px;margin-bottom: 0px;margin-top: 0px;border-width: 0px 0px 0px 0px;border-color:#3e3e3e;border-style:solid;\" ><div class=\"fusion-builder-row fusion-row\"><div class=\"fusion-layout-column fusion_builder_column fusion-builder-column-0 fusion_builder_column_2_3 2_3 fusion-two-third fusion-column-first\" style=\"width:65.3333%; margin-right: 4%;margin-top:0px;margin-bottom:20px;\"><div class=\"fusion-column-wrapper fusion-flex-column-wrapper-legacy\" style=\"background-position:left top;background-repeat:no-repeat;-webkit-background-size:cover;-moz-background-size:cover;-o-background-size:cover;background-size:cover;padding: 0px 0px 0px 0px;\"><div class=\"fusion-text fusion-text-1\"><p>Nathalie Le Gall est plasticienne, illustratrice et peintre \u00e0 Montpellier.<br \/>\nElle a suivi une formation dans une \u00e9cole graphique \u00e0 Paris et a fait ses \u00e9tudes \u00e0 l&rsquo;Ecole Sup\u00e9rieure des Beaux-Arts de Montpellier Agglom\u00e9ration (ESBAMA).<\/p>\n<p>En tant qu&rsquo;illustratrice elle a travaill\u00e9 notamment avec le CIRAD pour illustrer des brochures pr\u00e9sent\u00e9es lors des Salons Internationaux de l&rsquo;Agriculture, des expositions dans le secteur de l&rsquo;agronomie, par exemple <em>Nature, Soci\u00e9t\u00e9 et D\u00e9veloppement Durable<\/em>, exposition pour le sommet mondial de l&rsquo;agriculture de Johannesburg (RIO + 10) en 2002.<\/p>\n<p>En 1998 elle est laur\u00e9ate pour l&rsquo;affiche officielle de la Coupe du Monde de Football, dont l&rsquo;exposition \u00ab\u00a0Football et immigration :Allez la France\u00a0\u00bb a \u00e9t\u00e9 tir\u00e9e en 2010 \u00e0 la Cit\u00e9 Nationale de l&rsquo;Immigration \u00e0 Paris.<\/p>\n<p>Des installations et sculptures urbaines montrent son travail de plasticienne, comme \u00e0 S\u00e8te en 2011, o\u00f9 la R\u00e9sidence Villeroy accueille des sculptures monumentales \u00ab\u00a0Corail \u00e0 fleur d&rsquo;eau et Galets ellipses\u00a0\u00bb ou encore aux jardins de Sambucs dans le Gard durant l&rsquo;\u00e9t\u00e9 2006 qui voient \u00ab\u00a0Les Portes de la Perception\u00a0\u00bb s&rsquo;ouvrir.<\/p>\n<\/div><div class=\"fusion-clearfix\"><\/div><\/div><\/div><div class=\"fusion-layout-column fusion_builder_column fusion-builder-column-1 fusion_builder_column_1_3 1_3 fusion-one-third fusion-column-last\" style=\"width:30.6666%;margin-top:0px;margin-bottom:20px;\"><div class=\"fusion-column-wrapper fusion-flex-column-wrapper-legacy\" style=\"background-position:left top;background-repeat:no-repeat;-webkit-background-size:cover;-moz-background-size:cover;-o-background-size:cover;background-size:cover;padding: 0px 0px 0px 0px;\"><div class=\"imageframe-align-center\"><span class=\" fusion-imageframe imageframe-none imageframe-1 hover-type-none\"><a href=\"https:\/\/www.cabanart.fr\/wp-content\/uploads\/2015\/11\/P1110882-copie.jpg\" class=\"fusion-lightbox\" data-rel=\"iLightbox[f15e6ff324d03e0f28e]\" data-title=\"P1110882\" title=\"P1110882\"><img decoding=\"async\" width=\"480\" height=\"640\" src=\"https:\/\/www.cabanart.fr\/wp-content\/uploads\/2015\/11\/P1110882-copie.jpg\" alt class=\"img-responsive wp-image-1252\" srcset=\"https:\/\/www.cabanart.fr\/wp-content\/uploads\/2015\/11\/P1110882-copie-225x300.jpg 225w, https:\/\/www.cabanart.fr\/wp-content\/uploads\/2015\/11\/P1110882-copie.jpg 480w\" sizes=\"(max-width: 480px) 100vw, 480px\" \/><\/a><\/span><\/div><div class=\"fusion-clearfix\"><\/div><\/div><\/div><div class=\"fusion-layout-column fusion_builder_column fusion-builder-column-2 fusion_builder_column_2_3 2_3 fusion-two-third fusion-column-first\" style=\"width:65.3333%; margin-right: 4%;margin-top:0px;margin-bottom:20px;\"><div class=\"fusion-column-wrapper fusion-flex-column-wrapper-legacy\" style=\"background-position:left top;background-repeat:no-repeat;-webkit-background-size:cover;-moz-background-size:cover;-o-background-size:cover;background-size:cover;padding: 0px 0px 0px 0px;\"><div class=\"fusion-text fusion-text-2\"><p>Plusieurs expositions personnelles et collectives figurent sa peinture :<br \/>\n&#8211; Deux Expositions en Chine en 2012<br \/>\n&#8211; \u00ab\u00a0Contenants et contenus, de l&rsquo;antiquit\u00e9 \u00e0 aujourd&rsquo;hui\u00a0\u00bb &#8211; Murviel les Montpellier &#8211; septembre 2010<br \/>\n&#8211; \u00ab\u00a0Tout pr\u00e8s de la ventilation\u00a0\u00bb &#8211; H\u00f4tel d&rsquo;Agglom\u00e9ration de Montpellier- septembre 2010<br \/>\n&#8211; \u00ab\u00a0Nathalie Le Gall expose &#8230;\u00a0\u00bb &#8211; Salle Peschot &#8211; S\u00e8te &#8211; mai 2009<br \/>\n&#8211; \u00ab\u00a0[Int\u00e9rieur] ]Ext\u00e9rieur[\u00a0\u00bb &#8211; H\u00f4tel d&rsquo;Agglom\u00e9ration de Montpellier &#8211; d\u00e9cembre 2008<br \/>\n&#8211; \u00ab\u00a0L&rsquo;Art Citoyen\u00a0\u00bb &#8211; Maison des relations internationales &#8211; Montpellier &#8211; novembre 2008<br \/>\n&#8211; \u00ab\u00a0Terrain blanc\u00a0\u00bb &#8211; Chapelle G\u00e9ly &#8211; Montpellier &#8211; septembre 2008<br \/>\n&#8211; \u00ab\u00a0Transparence\u00a0\u00bb &#8211; Terralia &#8211; Saint Jean de V\u00e9das &#8211; juin 2008<br \/>\n&#8211; \u00ab\u00a0Salon d&rsquo;automne\u00a0\u00bb -La Grande Motte &#8211; novembre 2007<br \/>\n&#8211; \u00ab\u00a0Floril\u00e8ges\u00a0\u00bb &#8211; Baillargues &#8211; septembre 2007<br \/>\n&#8211; \u00ab\u00a0Elan d&rsquo;art\u00a0\u00bb &#8211; Salon d&rsquo;art contemporain &#8211; le Corum &#8211; Montpellier- avril 2007<br \/>\n&#8211; \u00ab\u00a0Galerie N\u00a0\u00bb &#8211; Montpellier &#8211; d\u00e9cembre 2006 \u00e0 f\u00e9vrier 2007<br \/>\n&#8211; \u00ab\u00a0ZU\u00a0\u00bb &#8211; Galerie Saint Ravy &#8211; Montpellier &#8211; octobre 2006<br \/>\n&#8211; \u00ab\u00a0P\u00f4le Sud f\u00eate ses 20 ans\u00a0\u00bb : performance d&rsquo;une peinture en direct &#8211; Lansargues &#8211; novembre 2005<br \/>\n&#8211; Plusieurs expositions \u00e0 la Scierie \u00e0 Montpellier entre juin 2007 et juin 2010.<\/p>\n<p><a href=\"http:\/\/www.natillustration.fr\"target=\"_blank\"><\/a><\/p>\n<\/div><div class=\"fusion-clearfix\"><\/div><\/div><\/div><div class=\"fusion-layout-column fusion_builder_column fusion-builder-column-3 fusion_builder_column_1_3 1_3 fusion-one-third fusion-column-last\" style=\"width:30.6666%;margin-top:0px;margin-bottom:20px;\"><div class=\"fusion-column-wrapper fusion-flex-column-wrapper-legacy\" style=\"background-position:left top;background-repeat:no-repeat;-webkit-background-size:cover;-moz-background-size:cover;-o-background-size:cover;background-size:cover;padding: 0px 0px 0px 0px;\"><div class=\"imageframe-align-center\"><span class=\" fusion-imageframe imageframe-none imageframe-2 hover-type-none\"><a href=\"https:\/\/www.cabanart.fr\/wp-content\/uploads\/2015\/11\/P1110884-copie.jpg\" class=\"fusion-lightbox\" data-rel=\"iLightbox[aadf0ef436058a01ff3]\" data-title=\"P1110884 &#8211; copie\" title=\"P1110884 &#8211; copie\"><img decoding=\"async\" width=\"640\" height=\"480\" src=\"https:\/\/www.cabanart.fr\/wp-content\/uploads\/2015\/11\/P1110884-copie.jpg\" alt class=\"img-responsive wp-image-1253\" srcset=\"https:\/\/www.cabanart.fr\/wp-content\/uploads\/2015\/11\/P1110884-copie-300x225.jpg 300w, https:\/\/www.cabanart.fr\/wp-content\/uploads\/2015\/11\/P1110884-copie.jpg 640w\" sizes=\"(max-width: 640px) 100vw, 640px\" \/><\/a><\/span><\/div><div class=\"fusion-sep-clear\"><\/div><div class=\"fusion-separator fusion-full-width-sep\" style=\"margin-left: auto;margin-right: auto;width:100%;\"><\/div><div class=\"fusion-sep-clear\"><\/div><div class=\"imageframe-align-center\"><span class=\" fusion-imageframe imageframe-none imageframe-3 hover-type-none\"><a href=\"https:\/\/www.cabanart.fr\/wp-content\/uploads\/2015\/11\/P1110902-copie.jpg\" class=\"fusion-lightbox\" data-rel=\"iLightbox[27bdc9f8314bb779aa7]\" data-title=\"P1110902 &#8211; copie\" title=\"P1110902 &#8211; copie\"><img decoding=\"async\" width=\"640\" height=\"480\" src=\"https:\/\/www.cabanart.fr\/wp-content\/uploads\/2015\/11\/P1110902-copie.jpg\" alt class=\"img-responsive wp-image-1254\" srcset=\"https:\/\/www.cabanart.fr\/wp-content\/uploads\/2015\/11\/P1110902-copie-300x225.jpg 300w, https:\/\/www.cabanart.fr\/wp-content\/uploads\/2015\/11\/P1110902-copie.jpg 640w\" sizes=\"(max-width: 640px) 100vw, 640px\" \/><\/a><\/span><\/div><div class=\"fusion-clearfix\"><\/div><\/div><\/div><\/div><\/div>\n","protected":false},"excerpt":{"rendered":"","protected":false},"author":1,"featured_media":0,"menu_order":0,"comment_status":"closed","ping_status":"closed","template":"","format":"standard","meta":{"jetpack_post_was_ever_published":false,"footnotes":""},"portfolio_category":[],"portfolio_skills":[],"portfolio_tags":[],"class_list":["post-1129","avada_portfolio","type-avada_portfolio","status-publish","format-standard","hentry"],"jetpack_sharing_enabled":true,"_links":{"self":[{"href":"https:\/\/www.cabanart.fr\/index.php?rest_route=\/wp\/v2\/avada_portfolio\/1129","targetHints":{"allow":["GET"]}}],"collection":[{"href":"https:\/\/www.cabanart.fr\/index.php?rest_route=\/wp\/v2\/avada_portfolio"}],"about":[{"href":"https:\/\/www.cabanart.fr\/index.php?rest_route=\/wp\/v2\/types\/avada_portfolio"}],"author":[{"embeddable":true,"href":"https:\/\/www.cabanart.fr\/index.php?rest_route=\/wp\/v2\/users\/1"}],"replies":[{"embeddable":true,"href":"https:\/\/www.cabanart.fr\/index.php?rest_route=%2Fwp%2Fv2%2Fcomments&post=1129"}],"version-history":[{"count":9,"href":"https:\/\/www.cabanart.fr\/index.php?rest_route=\/wp\/v2\/avada_portfolio\/1129\/revisions"}],"predecessor-version":[{"id":1309,"href":"https:\/\/www.cabanart.fr\/index.php?rest_route=\/wp\/v2\/avada_portfolio\/1129\/revisions\/1309"}],"wp:attachment":[{"href":"https:\/\/www.cabanart.fr\/index.php?rest_route=%2Fwp%2Fv2%2Fmedia&parent=1129"}],"wp:term":[{"taxonomy":"portfolio_category","embeddable":true,"href":"https:\/\/www.cabanart.fr\/index.php?rest_route=%2Fwp%2Fv2%2Fportfolio_category&post=1129"},{"taxonomy":"portfolio_skills","embeddable":true,"href":"https:\/\/www.cabanart.fr\/index.php?rest_route=%2Fwp%2Fv2%2Fportfolio_skills&post=1129"},{"taxonomy":"portfolio_tags","embeddable":true,"href":"https:\/\/www.cabanart.fr\/index.php?rest_route=%2Fwp%2Fv2%2Fportfolio_tags&post=1129"}],"curies":[{"name":"wp","href":"https:\/\/api.w.org\/{rel}","templated":true}]}}

<div class="fusion-fullwidth fullwidth-box fusion-builder-row-1 nonhundred-percent-fullwidth non-hundred-percent-height-scrolling" style="background-color: #242424;background-position: left top;background-repeat: no-repeat;padding-top:20px;padding-right:0px;padding-bottom:20px;padding-left:0px;margin-bottom: 0px;margin-top: 0px;border-width: 0px 0px 0px 0px;border-color:#3e3e3e;border-style:solid;" ><div class="fusion-builder-row fusion-row"><div class="fusion-layout-column fusion_builder_column fusion-builder-column-0 fusion_builder_column_2_3 2_3 fusion-two-third fusion-column-first" style="width:65.3333%; margin-right: 4%;margin-top:0px;margin-bottom:20px;"><div class="fusion-column-wrapper fusion-flex-column-wrapper-legacy" style="background-position:left top;background-repeat:no-repeat;-webkit-background-size:cover;-moz-background-size:cover;-o-background-size:cover;background-size:cover;padding: 0px 0px 0px 0px;"><div class="fusion-text fusion-text-1"><p>Nathalie Le Gall est plasticienne, illustratrice et peintre à Montpellier.<br />
Elle a suivi une formation dans une école graphique à Paris et a fait ses études à l&rsquo;Ecole Supérieure des Beaux-Arts de Montpellier Agglomération (ESBAMA).</p>
<p>En tant qu&rsquo;illustratrice elle a travaillé notamment avec le CIRAD pour illustrer des brochures présentées lors des Salons Internationaux de l&rsquo;Agriculture, des expositions dans le secteur de l&rsquo;agronomie, par exemple <em>Nature, Société et Développement Durable</em>, exposition pour le sommet mondial de l&rsquo;agriculture de Johannesburg (RIO + 10) en 2002.</p>
<p>En 1998 elle est lauréate pour l&rsquo;affiche officielle de la Coupe du Monde de Football, dont l&rsquo;exposition « Football et immigration :Allez la France » a été tirée en 2010 à la Cité Nationale de l&rsquo;Immigration à Paris.</p>
<p>Des installations et sculptures urbaines montrent son travail de plasticienne, comme à Sète en 2011, où la Résidence Villeroy accueille des sculptures monumentales « Corail à fleur d&rsquo;eau et Galets ellipses » ou encore aux jardins de Sambucs dans le Gard durant l&rsquo;été 2006 qui voient « Les Portes de la Perception » s&rsquo;ouvrir.</p>
</div><div class="fusion-clearfix"></div></div></div><div class="fusion-layout-column fusion_builder_column fusion-builder-column-1 fusion_builder_column_1_3 1_3 fusion-one-third fusion-column-last" style="width:30.6666%;margin-top:0px;margin-bottom:20px;"><div class="fusion-column-wrapper fusion-flex-column-wrapper-legacy" style="background-position:left top;background-repeat:no-repeat;-webkit-background-size:cover;-moz-background-size:cover;-o-background-size:cover;background-size:cover;padding: 0px 0px 0px 0px;"><div class="imageframe-align-center"><span class=" fusion-imageframe imageframe-none imageframe-1 hover-type-none"><a href="https://www.cabanart.fr/wp-content/uploads/2015/11/P1110882-copie.jpg" class="fusion-lightbox" data-rel="iLightbox[f15e6ff324d03e0f28e]" data-title="P1110882" title="P1110882"><img decoding="async" width="480" height="640" src="https://www.cabanart.fr/wp-content/uploads/2015/11/P1110882-copie.jpg" alt class="img-responsive wp-image-1252" srcset="https://www.cabanart.fr/wp-content/uploads/2015/11/P1110882-copie-225x300.jpg 225w, https://www.cabanart.fr/wp-content/uploads/2015/11/P1110882-copie.jpg 480w" sizes="(max-width: 480px) 100vw, 480px" /></a></span></div><div class="fusion-clearfix"></div></div></div><div class="fusion-layout-column fusion_builder_column fusion-builder-column-2 fusion_builder_column_2_3 2_3 fusion-two-third fusion-column-first" style="width:65.3333%; margin-right: 4%;margin-top:0px;margin-bottom:20px;"><div class="fusion-column-wrapper fusion-flex-column-wrapper-legacy" style="background-position:left top;background-repeat:no-repeat;-webkit-background-size:cover;-moz-background-size:cover;-o-background-size:cover;background-size:cover;padding: 0px 0px 0px 0px;"><div class="fusion-text fusion-text-2"><p>Plusieurs expositions personnelles et collectives figurent sa peinture :<br />
&#8211; Deux Expositions en Chine en 2012<br />
&#8211; « Contenants et contenus, de l&rsquo;antiquité à aujourd&rsquo;hui » &#8211; Murviel les Montpellier &#8211; septembre 2010<br />
&#8211; « Tout près de la ventilation » &#8211; Hôtel d&rsquo;Agglomération de Montpellier- septembre 2010<br />
&#8211; « Nathalie Le Gall expose &#8230; » &#8211; Salle Peschot &#8211; Sète &#8211; mai 2009<br />
&#8211; « [Intérieur] ]Extérieur[ » &#8211; Hôtel d&rsquo;Agglomération de Montpellier &#8211; décembre 2008<br />
&#8211; « L&rsquo;Art Citoyen » &#8211; Maison des relations internationales &#8211; Montpellier &#8211; novembre 2008<br />
&#8211; « Terrain blanc » &#8211; Chapelle Gély &#8211; Montpellier &#8211; septembre 2008<br />
&#8211; « Transparence » &#8211; Terralia &#8211; Saint Jean de Védas &#8211; juin 2008<br />
&#8211; « Salon d&rsquo;automne » -La Grande Motte &#8211; novembre 2007<br />
&#8211; « Florilèges » &#8211; Baillargues &#8211; septembre 2007<br />
&#8211; « Elan d&rsquo;art » &#8211; Salon d&rsquo;art contemporain &#8211; le Corum &#8211; Montpellier- avril 2007<br />
&#8211; « Galerie N » &#8211; Montpellier &#8211; décembre 2006 à février 2007<br />
&#8211; « ZU » &#8211; Galerie Saint Ravy &#8211; Montpellier &#8211; octobre 2006<br />
&#8211; « Pôle Sud fête ses 20 ans » : performance d&rsquo;une peinture en direct &#8211; Lansargues &#8211; novembre 2005<br />
&#8211; Plusieurs expositions à la Scierie à Montpellier entre juin 2007 et juin 2010.</p>
<p><a href="http://www.natillustration.fr"target="_blank"></a></p>
</div><div class="fusion-clearfix"></div></div></div><div class="fusion-layout-column fusion_builder_column fusion-builder-column-3 fusion_builder_column_1_3 1_3 fusion-one-third fusion-column-last" style="width:30.6666%;margin-top:0px;margin-bottom:20px;"><div class="fusion-column-wrapper fusion-flex-column-wrapper-legacy" style="background-position:left top;background-repeat:no-repeat;-webkit-background-size:cover;-moz-background-size:cover;-o-background-size:cover;background-size:cover;padding: 0px 0px 0px 0px;"><div class="imageframe-align-center"><span class=" fusion-imageframe imageframe-none imageframe-2 hover-type-none"><a href="https://www.cabanart.fr/wp-content/uploads/2015/11/P1110884-copie.jpg" class="fusion-lightbox" data-rel="iLightbox[aadf0ef436058a01ff3]" data-title="P1110884 &#8211; copie" title="P1110884 &#8211; copie"><img decoding="async" width="640" height="480" src="https://www.cabanart.fr/wp-content/uploads/2015/11/P1110884-copie.jpg" alt class="img-responsive wp-image-1253" srcset="https://www.cabanart.fr/wp-content/uploads/2015/11/P1110884-copie-300x225.jpg 300w, https://www.cabanart.fr/wp-content/uploads/2015/11/P1110884-copie.jpg 640w" sizes="(max-width: 640px) 100vw, 640px" /></a></span></div><div class="fusion-sep-clear"></div><div class="fusion-separator fusion-full-width-sep" style="margin-left: auto;margin-right: auto;width:100%;"></div><div class="fusion-sep-clear"></div><div class="imageframe-align-center"><span class=" fusion-imageframe imageframe-none imageframe-3 hover-type-none"><a href="https://www.cabanart.fr/wp-content/uploads/2015/11/P1110902-copie.jpg" class="fusion-lightbox" data-rel="iLightbox[27bdc9f8314bb779aa7]" data-title="P1110902 &#8211; copie" title="P1110902 &#8211; copie"><img decoding="async" width="640" height="480" src="https://www.cabanart.fr/wp-content/uploads/2015/11/P1110902-copie.jpg" alt class="img-responsive wp-image-1254" srcset="https://www.cabanart.fr/wp-content/uploads/2015/11/P1110902-copie-300x225.jpg 300w, https://www.cabanart.fr/wp-content/uploads/2015/11/P1110902-copie.jpg 640w" sizes="(max-width: 640px) 100vw, 640px" /></a></span></div><div class="fusion-clearfix"></div></div></div></div></div>
