{"id":7,"date":"2015-02-02T19:38:46","date_gmt":"2015-02-02T19:38:46","guid":{"rendered":"http:\/\/theme-fusion.com\/avada_demos_xml\/cafe\/?page_id=7"},"modified":"2018-06-28T15:50:26","modified_gmt":"2018-06-28T14:50:26","slug":"home","status":"publish","type":"page","link":"https:\/\/www.cabanart.fr\/","title":{"rendered":"Accueil"},"content":{"rendered":"<p><div class=\"fusion-fullwidth fullwidth-box fusion-builder-row-1 nonhundred-percent-fullwidth non-hundred-percent-height-scrolling\" style=\"background-color: rgba(68,43,0,0.94);background-position: left top;background-repeat: no-repeat;padding-top:20px;padding-right:0px;padding-bottom:20px;padding-left:0px;margin-bottom: 0px;margin-top: 0px;border-width: 0px 0px 0px 0px;border-color:#3e3e3e;border-style:solid;\" ><div class=\"fusion-builder-row fusion-row\"><div class=\"fusion-layout-column fusion_builder_column fusion-builder-column-0 fusion_builder_column_1_1 1_1 fusion-one-full fusion-column-first fusion-column-last\" style=\"margin-top:0px;margin-bottom:20px;\"><div class=\"fusion-column-wrapper fusion-flex-column-wrapper-legacy\" style=\"background-position:left top;background-repeat:no-repeat;-webkit-background-size:cover;-moz-background-size:cover;-o-background-size:cover;background-size:cover;padding: 0px 0px 0px 0px;\"><style type=\"text\/css\"><\/style><div class=\"fusion-title title fusion-title-1 fusion-title-text fusion-title-size-one\" style=\"margin-top:0px;margin-right:0px;margin-bottom:31px;margin-left:0px;\"><h1 class=\"title-heading-left fusion-responsive-typography-calculated\" style=\"margin:0;--fontSize:24;--minFontSize:24px;line-height:1.41;\"><h3 style=\"text-align: center;\">Derni\u00e8res nouvelles<\/h3><\/h1><span class=\"awb-title-spacer\"><\/span><div class=\"title-sep-container\"><div class=\"title-sep sep-single sep-solid\" style=\"border-color:#3e3e3e;\"><\/div><\/div><\/div><div class=\"fusion-recent-posts fusion-recent-posts-1 avada-container layout-default layout-columns-3\"><section class=\"fusion-columns columns fusion-columns-3 columns-3\"><article class=\"post fusion-column column col col-lg-4 col-md-4 col-sm-4 fusion-animated\" data-animationType=\"bounceInDown\" data-animationDuration=\"0.3\" data-animationOffset=\"top-into-view\"><div class=\"fusion-flexslider fusion-flexslider-loading flexslider flexslider-hover-type-liftup\"><ul class=\"slides\"><li><a href=\"https:\/\/www.cabanart.fr\/?p=1436\" aria-label=\"Caban&rsquo;art au domaine Le Claud\" class=\"hover-type-liftup\"><img decoding=\"async\" width=\"400\" height=\"441\" src=\"https:\/\/www.cabanart.fr\/wp-content\/uploads\/2023\/06\/flyer-web-long-1-400x441.png\" class=\"attachment-recent-posts size-recent-posts\" alt=\"\" \/><\/a><\/li><\/ul><\/div><div class=\"recent-posts-content\"><span class=\"vcard\" style=\"display: none;\"><span class=\"fn\"><a href=\"https:\/\/www.cabanart.fr\/?author=1\" title=\"Articles par 4digit\" rel=\"author\">4digit<\/a><\/span><\/span><span class=\"updated\" style=\"display:none;\">2023-06-16T15:30:16+01:00<\/span><h4 class=\"entry-title\"><a href=\"https:\/\/www.cabanart.fr\/?p=1436\">Caban&rsquo;art au domaine Le Claud<\/a><\/h4><p>Caban'art pr\u00e9sente Isabelle Marsala au Domaine Le Claud \u00a0<\/p><\/div><\/article><article class=\"post fusion-column column col col-lg-4 col-md-4 col-sm-4 fusion-animated\" data-animationType=\"bounceInDown\" data-animationDuration=\"0.3\" data-animationOffset=\"top-into-view\"><div class=\"fusion-flexslider fusion-flexslider-loading flexslider flexslider-hover-type-liftup\"><ul class=\"slides\"><li><a href=\"https:\/\/www.cabanart.fr\/?p=1427\" aria-label=\"Caban&rsquo;art au Domaine Saint Cl\u00e9ment 2t\u00e9 2023\" class=\"hover-type-liftup\"><img decoding=\"async\" width=\"700\" height=\"441\" src=\"https:\/\/www.cabanart.fr\/wp-content\/uploads\/2023\/05\/Femmes-700x441.jpg\" class=\"attachment-recent-posts size-recent-posts\" alt=\"\" srcset=\"https:\/\/www.cabanart.fr\/wp-content\/uploads\/2023\/05\/Femmes-320x202.jpg 320w, https:\/\/www.cabanart.fr\/wp-content\/uploads\/2023\/05\/Femmes-700x441.jpg 700w\" sizes=\"(max-width: 700px) 100vw, 700px\" \/><\/a><\/li><\/ul><\/div><div class=\"recent-posts-content\"><span class=\"vcard\" style=\"display: none;\"><span class=\"fn\"><a href=\"https:\/\/www.cabanart.fr\/?author=1\" title=\"Articles par 4digit\" rel=\"author\">4digit<\/a><\/span><\/span><span class=\"updated\" style=\"display:none;\">2023-06-16T15:10:49+01:00<\/span><h4 class=\"entry-title\"><a href=\"https:\/\/www.cabanart.fr\/?p=1427\">Caban&rsquo;art au Domaine Saint Cl\u00e9ment 2t\u00e9 2023<\/a><\/h4><p>Caban'art investit le domaine Saint Cl\u00e9ment avec une nouvelle exposition. Sophie Griotto, Sanie, Aur\u00e9lie Salvaing, Claire B.Masimbert vous feront d\u00e9couvrir leurs univers. D\u00e9but de l'exposition le 28 Mai dans le cadre des Printani\u00e8res organis\u00e9es par [...]<\/p><\/div><\/article><article class=\"post fusion-column column col col-lg-4 col-md-4 col-sm-4 fusion-animated\" data-animationType=\"bounceInDown\" data-animationDuration=\"0.3\" data-animationOffset=\"top-into-view\"><div class=\"fusion-flexslider fusion-flexslider-loading flexslider flexslider-hover-type-liftup\"><ul class=\"slides\"><li><a href=\"https:\/\/www.cabanart.fr\/?p=1398\" aria-label=\"Caban&rsquo;art au Salon des Artistes R\u00e9gionaux \u2013 36e \u00e9dition\" class=\"hover-type-liftup\"><img decoding=\"async\" width=\"565\" height=\"441\" src=\"https:\/\/www.cabanart.fr\/wp-content\/uploads\/2020\/02\/Juvignac-2020-565x441.png\" class=\"attachment-recent-posts size-recent-posts\" alt=\"\" \/><\/a><\/li><\/ul><\/div><div class=\"recent-posts-content\"><span class=\"vcard\" style=\"display: none;\"><span class=\"fn\"><a href=\"https:\/\/www.cabanart.fr\/?author=1\" title=\"Articles par 4digit\" rel=\"author\">4digit<\/a><\/span><\/span><span class=\"updated\" style=\"display:none;\">2020-02-16T18:41:47+01:00<\/span><h4 class=\"entry-title\"><a href=\"https:\/\/www.cabanart.fr\/?p=1398\">Caban&rsquo;art au Salon des Artistes R\u00e9gionaux \u2013 36e \u00e9dition<\/a><\/h4><p> La 36e \u00e9dition pour le Salon des Artistes r\u00e9gionaux, qui se d\u00e9roulera pour la premi\u00e8re fois dans un espace Lionel de Brun\u00e9lis enti\u00e8rement r\u00e9nov\u00e9, mettant en valeur les propositions des 38 artistes s\u00e9lectionn\u00e9s par [...]<\/p><\/div><\/article><\/section><\/div><div class=\"fusion-clearfix\"><\/div><\/div><\/div><\/div><\/div><div class=\"fusion-fullwidth fullwidth-box fusion-builder-row-2 hundred-percent-fullwidth non-hundred-percent-height-scrolling fusion-equal-height-columns\" style=\"background-color: rgba(68,43,0,0.94);background-position: left top;background-repeat: no-repeat;padding-top:5%;padding-right:0%;padding-bottom:50px;padding-left:5%;margin-bottom: 0px;margin-top: 0px;border-width: 0px 0px 0px 0px;border-color:#3e3e3e;border-style:solid;\" ><div class=\"fusion-builder-row fusion-row\"><div class=\"fusion-layout-column fusion_builder_column fusion-builder-column-1 fusion_builder_column_1_1 1_1 fusion-one-full fusion-column-first fusion-column-last\" style=\"margin-top:0px;margin-bottom:0px;\"><div class=\"fusion-column-wrapper fusion-flex-column-wrapper-legacy\" style=\"background-position:left top;background-repeat:no-repeat;-webkit-background-size:cover;-moz-background-size:cover;-o-background-size:cover;background-size:cover;padding: 0px 0px 0px 0px;\"><div class=\"fusion-column-content-centered\"><div class=\"fusion-column-content\"><div class=\"fusion-text fusion-text-1\"><h3 style=\"text-align: center;\">de nouveaux espaces pour l\u2019art plastique<\/h3>\n<\/div><div class=\"fusion-sep-clear\"><\/div><div class=\"fusion-separator fusion-full-width-sep fusion-clearfix hrleft\" style=\"float:left;margin-top:20px;margin-bottom:40px;width:100%;\"><div class=\"fusion-separator-border sep-single sep-solid\" style=\"border-color:#3e3e3e;border-top-width:1px;\"><\/div><\/div><div class=\"fusion-sep-clear\"><\/div><div class=\"fusion-text fusion-text-2\"><p>De nature associative, Caban\u2019Art n\u2019est pas une galerie comme une autre\u00a0!<br \/>\nCaban&rsquo;art, c&rsquo;est d&rsquo;abord l&rsquo;histoire d&rsquo;une aventure entre co-locataires. Caban&rsquo;art fut d&rsquo;abord une galerie offrant l\u2019opportunit\u00e9 d\u2019investir un espace agr\u00e9able, central, et d\u2019organiser, de cr\u00e9er l\u2019\u00e9v\u00e9nement artistique.<\/p>\n<p>Aujourd&rsquo;hui, Caban&rsquo;art s&rsquo;exprime hors ces premiers murs, investissant d&rsquo;autres espaces, toujours pour le plaisir de nos h\u00f4tes et celui de nos artistes.<\/p>\n<\/div><div class=\"fusion-sep-clear\"><\/div><div class=\"fusion-separator fusion-full-width-sep\" style=\"margin-left: auto;margin-right: auto;margin-top:5px;width:100%;\"><\/div><div class=\"fusion-sep-clear\"><\/div><div class=\"fusion-aligncenter\"><style>.fusion-button.button-1{border-radius:2px 2px 2px 2px;}<\/style><a class=\"fusion-button button-flat fusion-button-default-size button-default button-1 fusion-button-default-span fusion-button-default-type\" target=\"_self\" title=\"des d\u00e9tails sur l&#039;association\" href=\"https:\/\/www.cabanart.fr\/?page_id=855\"><span class=\"fusion-button-text\">en savoir plus &#8230;<\/span><\/a><\/div><\/div><\/div><div class=\"fusion-clearfix\"><\/div><\/div><\/div><\/div><\/div><div class=\"fusion-fullwidth fullwidth-box fusion-builder-row-3 fusion-parallax-fixed nonhundred-percent-fullwidth non-hundred-percent-height-scrolling\" style=\"background-color: #242424;background-image: url(&quot;https:\/\/www.cabanart.fr\/wp-content\/uploads\/2015\/02\/front900-300x225.jpg&quot;);background-position: center center;background-repeat: no-repeat;padding-top:100px;padding-right:5%;padding-bottom:100px;padding-left:5%;margin-bottom: 0px;margin-top: 0px;border-width: 0px 0px 0px 0px;border-color:#3e3e3e;border-style:solid;-webkit-background-size:cover;-moz-background-size:cover;-o-background-size:cover;background-size:cover;background-attachment:fixed;\" ><div class=\"fusion-builder-row fusion-row\"><div class=\"fusion-layout-column fusion_builder_column fusion-builder-column-2 fusion_builder_column_1_1 1_1 fusion-one-full fusion-column-first fusion-column-last fusion-column-no-min-height\" style=\"margin-top:0px;margin-bottom:0px;\"><div class=\"fusion-column-wrapper fusion-flex-column-wrapper-legacy\" style=\"background-position:left top;background-repeat:no-repeat;-webkit-background-size:cover;-moz-background-size:cover;-o-background-size:cover;background-size:cover;padding: 0px 0px 0px 0px;\"><div class=\"fusion-text fusion-text-3\"><h2 style=\"text-align: center;\">de nouveaux espaces &#8230;<\/h2>\n<\/div><div class=\"fusion-sep-clear\"><\/div><div class=\"fusion-separator hrshort\" style=\"margin-left: auto;margin-right: auto;margin-top:0px;margin-bottom:20px;width:100%;max-width:170px;\"><div class=\"fusion-separator-border sep-single sep-solid\" style=\"border-color:#3e3e3e;border-top-width:1px;\"><\/div><\/div><div class=\"fusion-sep-clear\"><\/div><div class=\"fusion-clearfix\"><\/div><\/div><\/div><\/div><\/div><\/p>\n","protected":false},"excerpt":{"rendered":"","protected":false},"author":1,"featured_media":0,"parent":0,"menu_order":0,"comment_status":"closed","ping_status":"open","template":"100-width.php","meta":{"jetpack_post_was_ever_published":false,"footnotes":""},"class_list":["post-7","page","type-page","status-publish","hentry"],"jetpack_sharing_enabled":true,"jetpack_shortlink":"https:\/\/wp.me\/Pa2w0k-7","_links":{"self":[{"href":"https:\/\/www.cabanart.fr\/index.php?rest_route=\/wp\/v2\/pages\/7","targetHints":{"allow":["GET"]}}],"collection":[{"href":"https:\/\/www.cabanart.fr\/index.php?rest_route=\/wp\/v2\/pages"}],"about":[{"href":"https:\/\/www.cabanart.fr\/index.php?rest_route=\/wp\/v2\/types\/page"}],"author":[{"embeddable":true,"href":"https:\/\/www.cabanart.fr\/index.php?rest_route=\/wp\/v2\/users\/1"}],"replies":[{"embeddable":true,"href":"https:\/\/www.cabanart.fr\/index.php?rest_route=%2Fwp%2Fv2%2Fcomments&post=7"}],"version-history":[{"count":45,"href":"https:\/\/www.cabanart.fr\/index.php?rest_route=\/wp\/v2\/pages\/7\/revisions"}],"predecessor-version":[{"id":1353,"href":"https:\/\/www.cabanart.fr\/index.php?rest_route=\/wp\/v2\/pages\/7\/revisions\/1353"}],"wp:attachment":[{"href":"https:\/\/www.cabanart.fr\/index.php?rest_route=%2Fwp%2Fv2%2Fmedia&parent=7"}],"curies":[{"name":"wp","href":"https:\/\/api.w.org\/{rel}","templated":true}]}}

<p><div class="fusion-fullwidth fullwidth-box fusion-builder-row-1 nonhundred-percent-fullwidth non-hundred-percent-height-scrolling" style="background-color: rgba(68,43,0,0.94);background-position: left top;background-repeat: no-repeat;padding-top:20px;padding-right:0px;padding-bottom:20px;padding-left:0px;margin-bottom: 0px;margin-top: 0px;border-width: 0px 0px 0px 0px;border-color:#3e3e3e;border-style:solid;" ><div class="fusion-builder-row fusion-row"><div class="fusion-layout-column fusion_builder_column fusion-builder-column-0 fusion_builder_column_1_1 1_1 fusion-one-full fusion-column-first fusion-column-last" style="margin-top:0px;margin-bottom:20px;"><div class="fusion-column-wrapper fusion-flex-column-wrapper-legacy" style="background-position:left top;background-repeat:no-repeat;-webkit-background-size:cover;-moz-background-size:cover;-o-background-size:cover;background-size:cover;padding: 0px 0px 0px 0px;"><style type="text/css"></style><div class="fusion-title title fusion-title-1 fusion-title-text fusion-title-size-one" style="margin-top:0px;margin-right:0px;margin-bottom:31px;margin-left:0px;"><h1 class="title-heading-left fusion-responsive-typography-calculated" style="margin:0;--fontSize:24;--minFontSize:24px;line-height:1.41;"><h3 style="text-align: center;">Dernières nouvelles</h3></h1><span class="awb-title-spacer"></span><div class="title-sep-container"><div class="title-sep sep-single sep-solid" style="border-color:#3e3e3e;"></div></div></div><div class="fusion-recent-posts fusion-recent-posts-1 avada-container layout-default layout-columns-3"><section class="fusion-columns columns fusion-columns-3 columns-3"><article class="post fusion-column column col col-lg-4 col-md-4 col-sm-4 fusion-animated" data-animationType="bounceInDown" data-animationDuration="0.3" data-animationOffset="top-into-view"><div class="fusion-flexslider fusion-flexslider-loading flexslider flexslider-hover-type-liftup"><ul class="slides"><li><a href="https://www.cabanart.fr/?p=1436" aria-label="Caban&rsquo;art au domaine Le Claud" class="hover-type-liftup"><img decoding="async" width="400" height="441" src="https://www.cabanart.fr/wp-content/uploads/2023/06/flyer-web-long-1-400x441.png" class="attachment-recent-posts size-recent-posts" alt="" /></a></li></ul></div><div class="recent-posts-content"><span class="vcard" style="display: none;"><span class="fn"><a href="https://www.cabanart.fr/?author=1" title="Articles par 4digit" rel="author">4digit</a></span></span><span class="updated" style="display:none;">2023-06-16T15:30:16+01:00</span><h4 class="entry-title"><a href="https://www.cabanart.fr/?p=1436">Caban&rsquo;art au domaine Le Claud</a></h4><p>Caban'art présente Isabelle Marsala au Domaine Le Claud  </p></div></article><article class="post fusion-column column col col-lg-4 col-md-4 col-sm-4 fusion-animated" data-animationType="bounceInDown" data-animationDuration="0.3" data-animationOffset="top-into-view"><div class="fusion-flexslider fusion-flexslider-loading flexslider flexslider-hover-type-liftup"><ul class="slides"><li><a href="https://www.cabanart.fr/?p=1427" aria-label="Caban&rsquo;art au Domaine Saint Clément 2té 2023" class="hover-type-liftup"><img decoding="async" width="700" height="441" src="https://www.cabanart.fr/wp-content/uploads/2023/05/Femmes-700x441.jpg" class="attachment-recent-posts size-recent-posts" alt="" srcset="https://www.cabanart.fr/wp-content/uploads/2023/05/Femmes-320x202.jpg 320w, https://www.cabanart.fr/wp-content/uploads/2023/05/Femmes-700x441.jpg 700w" sizes="(max-width: 700px) 100vw, 700px" /></a></li></ul></div><div class="recent-posts-content"><span class="vcard" style="display: none;"><span class="fn"><a href="https://www.cabanart.fr/?author=1" title="Articles par 4digit" rel="author">4digit</a></span></span><span class="updated" style="display:none;">2023-06-16T15:10:49+01:00</span><h4 class="entry-title"><a href="https://www.cabanart.fr/?p=1427">Caban&rsquo;art au Domaine Saint Clément 2té 2023</a></h4><p>Caban'art investit le domaine Saint Clément avec une nouvelle exposition. Sophie Griotto, Sanie, Aurélie Salvaing, Claire B.Masimbert vous feront découvrir leurs univers. Début de l'exposition le 28 Mai dans le cadre des Printanières organisées par [...]</p></div></article><article class="post fusion-column column col col-lg-4 col-md-4 col-sm-4 fusion-animated" data-animationType="bounceInDown" data-animationDuration="0.3" data-animationOffset="top-into-view"><div class="fusion-flexslider fusion-flexslider-loading flexslider flexslider-hover-type-liftup"><ul class="slides"><li><a href="https://www.cabanart.fr/?p=1398" aria-label="Caban&rsquo;art au Salon des Artistes Régionaux – 36e édition" class="hover-type-liftup"><img decoding="async" width="565" height="441" src="https://www.cabanart.fr/wp-content/uploads/2020/02/Juvignac-2020-565x441.png" class="attachment-recent-posts size-recent-posts" alt="" /></a></li></ul></div><div class="recent-posts-content"><span class="vcard" style="display: none;"><span class="fn"><a href="https://www.cabanart.fr/?author=1" title="Articles par 4digit" rel="author">4digit</a></span></span><span class="updated" style="display:none;">2020-02-16T18:41:47+01:00</span><h4 class="entry-title"><a href="https://www.cabanart.fr/?p=1398">Caban&rsquo;art au Salon des Artistes Régionaux – 36e édition</a></h4><p> La 36e édition pour le Salon des Artistes régionaux, qui se déroulera pour la première fois dans un espace Lionel de Brunélis entièrement rénové, mettant en valeur les propositions des 38 artistes sélectionnés par [...]</p></div></article></section></div><div class="fusion-clearfix"></div></div></div></div></div><div class="fusion-fullwidth fullwidth-box fusion-builder-row-2 hundred-percent-fullwidth non-hundred-percent-height-scrolling fusion-equal-height-columns" style="background-color: rgba(68,43,0,0.94);background-position: left top;background-repeat: no-repeat;padding-top:5%;padding-right:0%;padding-bottom:50px;padding-left:5%;margin-bottom: 0px;margin-top: 0px;border-width: 0px 0px 0px 0px;border-color:#3e3e3e;border-style:solid;" ><div class="fusion-builder-row fusion-row"><div class="fusion-layout-column fusion_builder_column fusion-builder-column-1 fusion_builder_column_1_1 1_1 fusion-one-full fusion-column-first fusion-column-last" style="margin-top:0px;margin-bottom:0px;"><div class="fusion-column-wrapper fusion-flex-column-wrapper-legacy" style="background-position:left top;background-repeat:no-repeat;-webkit-background-size:cover;-moz-background-size:cover;-o-background-size:cover;background-size:cover;padding: 0px 0px 0px 0px;"><div class="fusion-column-content-centered"><div class="fusion-column-content"><div class="fusion-text fusion-text-1"><h3 style="text-align: center;">de nouveaux espaces pour l’art plastique</h3>
</div><div class="fusion-sep-clear"></div><div class="fusion-separator fusion-full-width-sep fusion-clearfix hrleft" style="float:left;margin-top:20px;margin-bottom:40px;width:100%;"><div class="fusion-separator-border sep-single sep-solid" style="border-color:#3e3e3e;border-top-width:1px;"></div></div><div class="fusion-sep-clear"></div><div class="fusion-text fusion-text-2"><p>De nature associative, Caban’Art n’est pas une galerie comme une autre !<br />
Caban&rsquo;art, c&rsquo;est d&rsquo;abord l&rsquo;histoire d&rsquo;une aventure entre co-locataires. Caban&rsquo;art fut d&rsquo;abord une galerie offrant l’opportunité d’investir un espace agréable, central, et d’organiser, de créer l’événement artistique.</p>
<p>Aujourd&rsquo;hui, Caban&rsquo;art s&rsquo;exprime hors ces premiers murs, investissant d&rsquo;autres espaces, toujours pour le plaisir de nos hôtes et celui de nos artistes.</p>
</div><div class="fusion-sep-clear"></div><div class="fusion-separator fusion-full-width-sep" style="margin-left: auto;margin-right: auto;margin-top:5px;width:100%;"></div><div class="fusion-sep-clear"></div><div class="fusion-aligncenter"><style>.fusion-button.button-1{border-radius:2px 2px 2px 2px;}</style><a class="fusion-button button-flat fusion-button-default-size button-default button-1 fusion-button-default-span fusion-button-default-type" target="_self" title="des détails sur l&#039;association" href="https://www.cabanart.fr/?page_id=855"><span class="fusion-button-text">en savoir plus &#8230;</span></a></div></div></div><div class="fusion-clearfix"></div></div></div></div></div><div class="fusion-fullwidth fullwidth-box fusion-builder-row-3 fusion-parallax-fixed nonhundred-percent-fullwidth non-hundred-percent-height-scrolling" style="background-color: #242424;background-image: url(&quot;https://www.cabanart.fr/wp-content/uploads/2015/02/front900-300x225.jpg&quot;);background-position: center center;background-repeat: no-repeat;padding-top:100px;padding-right:5%;padding-bottom:100px;padding-left:5%;margin-bottom: 0px;margin-top: 0px;border-width: 0px 0px 0px 0px;border-color:#3e3e3e;border-style:solid;-webkit-background-size:cover;-moz-background-size:cover;-o-background-size:cover;background-size:cover;background-attachment:fixed;" ><div class="fusion-builder-row fusion-row"><div class="fusion-layout-column fusion_builder_column fusion-builder-column-2 fusion_builder_column_1_1 1_1 fusion-one-full fusion-column-first fusion-column-last fusion-column-no-min-height" style="margin-top:0px;margin-bottom:0px;"><div class="fusion-column-wrapper fusion-flex-column-wrapper-legacy" style="background-position:left top;background-repeat:no-repeat;-webkit-background-size:cover;-moz-background-size:cover;-o-background-size:cover;background-size:cover;padding: 0px 0px 0px 0px;"><div class="fusion-text fusion-text-3"><h2 style="text-align: center;">de nouveaux espaces &#8230;</h2>
</div><div class="fusion-sep-clear"></div><div class="fusion-separator hrshort" style="margin-left: auto;margin-right: auto;margin-top:0px;margin-bottom:20px;width:100%;max-width:170px;"><div class="fusion-separator-border sep-single sep-solid" style="border-color:#3e3e3e;border-top-width:1px;"></div></div><div class="fusion-sep-clear"></div><div class="fusion-clearfix"></div></div></div></div></div></p>
